False
Does 46 divide 5210304453?
False
Is 21 a factor of 309258?
False
Is 456 a factor of 2485930512?
True
Is 3934 a factor of 13280741?
False
Is 9360700 a multiple of 18?
False
Does 18 divide 34089246?
True
Does 16 divide 5200912?
True
Is 6180550 a multiple of 355?
True
Is 7 a factor of 63010773?
True
Is 5 a factor of 9367284?
False
Does 86 divide 391611664?
True
Does 2 divide 15932911?
False
Is 168 a factor of 8017632?
True
Is 34067365 a multiple of 1266?
False
Does 12 divide 22733007?
False
Is 238621405 a multiple of 11?
True
Does 79 divide 23191082?
True
Does 9 divide 75617982?
True
Does 391 divide 29202226?
True
Does 101 divide 119192682?
False
Is 1295 a factor of 115016132?
False
Is 57 a factor of 112715900?
False
Is 43770584 a multiple of 1144?
True
Is 6539817 a multiple of 20?
False
Is 43930170 a multiple of 314?
True
Does 10820 divide 1488712980?
True
Is 164 a factor of 4246523668?
True
Is 55158415 a multiple of 3?
False
Is 9950086 a multiple of 541?
False
Is 22607464 a multiple of 22?
True
Is 167649325 a multiple of 402?
False
Is 6531 a factor of 58197741?
True
Does 61 divide 4110198020?
False
Is 934 a factor of 28553501?
False
Does 4 divide 12685480?
True
Does 4 divide 27183498?
False
Is 129 a factor of 5926518?
True
Does 54 divide 7106076?
True
Is 1276219 even?
False
Does 151 divide 31023856?
True
Does 148 divide 11824206?
False
Does 474 divide 584915052?
True
Is 39 a factor of 15131399?
False
Does 197 divide 809012139?
False
Is 424 a factor of 467491376?
True
Does 1680 divide 23249853?
False
Does 1454 divide 2027384900?
True
Does 4849 divide 1208390196?
True
Does 189 divide 132305670?
True
Is 1335012228 a multiple of 774?
True
Does 3 divide 5524980?
True
Is 242 a factor of 278591610?
True
Is 29122090 a multiple of 10?
True
Is 283059760 a multiple of 43?
False
Does 44 divide 164161976?
True
Does 242 divide 50510280?
False
Is 74835845 a multiple of 5045?
False
Is 119 a factor of 71190798?
True
Is 550777884 a multiple of 43?
True
Is 2897607820 a multiple of 40?
False
Is 67 a factor of 16349332?
False
Is 937 a factor of 664999186?
False
Does 3688 divide 59432120?
True
Is 68806545 a multiple of 174?
False
Is 1255296483 a multiple of 20?
False
Is 428 a factor of 37624691?
False
Is 51789383 a multiple of 503?
True
Is 583080039 a multiple of 32?
False
Is 203622624 a multiple of 24?
True
Is 190 a factor of 360321303?
False
Is 16075563 a multiple of 21?
True
Is 163183539 a multiple of 629?
False
Does 86 divide 97994374?
False
Is 477 a factor of 1224905793?
False
Does 1946 divide 106701126?
True
Is 129 a factor of 95879533?
False
Is 36 a factor of 64733076?
True
Is 14 a factor of 234051673?
False
Does 24 divide 53174976?
True
Is 750 a factor of 310699392?
False
Does 105 divide 250213530?
True
Is 262945152 a multiple of 72?
True
Is 742587840 a multiple of 2005?
True
Is 404550 a multiple of 31?
True
Is 10243086 a multiple of 7?
True
Is 501 a factor of 2159105592?
True
Is 31719180 a multiple of 30?
True
Is 1014 a factor of 13598520?
False
Is 6046514 a multiple of 177?
False
Is 788 a factor of 407324292?
True
Does 4935 divide 5280450?
True
Is 76651334 a multiple of 836?
False
Is 81 a factor of 1893857880?
False
Is 3 a factor of 106154652?
True
Is 338 a factor of 1040851429?
False
Is 13 a factor of 13825513?
True
Is 707422520 a multiple of 4?
True
Does 10 divide 101813880?
True
Is 3204768 a multiple of 133?
True
Is 36788718 a multiple of 523?
False
Is 493364217 a multiple of 22?
False
Does 18 divide 9652626?
True
Does 67 divide 2502830158?
True
Is 140387013 a multiple of 351?
True
Is 1749777524 a multiple of 11?
True
Is 499 a factor of 30549279?
True
Does 164 divide 6043728?
True
Is 10337130 a multiple of 347?
True
Is 137 a factor of 40837890?
False
Is 435778415 a multiple of 31?
False
Does 2085 divide 97771679?
False
Does 106 divide 32806470?
True
Is 43 a factor of 31638361?
False
Is 2356985 a multiple of 317?
False
Is 430954848 a multiple of 1111?
False
Is 701 a factor of 124981554?
False
Is 23 a factor of 682838480?
False
Is 1416336640 a multiple of 16?
True
Does 103 divide 582922732?
True
Is 30295500 a multiple of 25?
True
Does 7 divide 3428048?
False
Is 706062445 a multiple of 77?
False
Does 301 divide 14939834?
True
Is 3389659 a multiple of 7?
True
Is 163884385 a multiple of 5?
True
Does 53 divide 279649419?
False
Does 153 divide 583830590?
False
Does 1626 divide 197510485?
False
Does 177 divide 11135424?
True
Is 25652921 a multiple of 49?
True
Is 14253378 a multiple of 17?
True
Is 36491354 even?
True
Is 25 a factor of 12726010?
False
Does 4492 divide 182672544?
False
Does 732 divide 42606060?
True
Is 17 a factor of 1987109277?
True
Is 106157964 a multiple of 178?
False
Is 480652859 a multiple of 281?
False
Does 1545 divide 199883883?
False
Is 1430 a factor of 72050550?
True
Is 565 a factor of 27930210?
True
Does 10 divide 20613873?
False
Is 76589654 a multiple of 4?
False
Does 126 divide 1026968670?
True
Is 216 a factor of 54181872?
True
Does 324 divide 39311568?
True
Is 255362461 a multiple of 32?
False
Does 857 divide 162818144?
False
Is 18437188 a multiple of 457?
False
Does 3284 divide 1201812640?
True
Is 1979786684 a multiple of 3930?
False
Is 81530886 a multiple of 206?
True
Does 430 divide 172422260?
True
Is 183 a factor of 13532704?
False
Does 393 divide 2443072710?
True
Does 16 divide 34468352?
True
Is 117073449 a multiple of 73?
False
Does 1303 divide 270833762?
True
Is 5 a factor of 290779212?
False
Is 392201634 a multiple of 6?
True
Is 21087864 a multiple of 1512?
True
Does 24 divide 4420868520?
True
Does 1789 divide 159000953?
True
Does 24 divide 4530000?
True
Does 576 divide 1524932928?
True
Does 274 divide 63466073?
False
Is 138126102 a multiple of 6?
True
Is 1056 a factor of 118340032?
False
Is 24 a factor of 74542913?
False
Does 10 divide 31536250?
True
Does 2036 divide 93110352?
True
Is 1016429660 a multiple of 8585?
True
Is 5290106421 a multiple of 92?
False
Is 16 a factor of 24193904?
True
Does 7 divide 5073438?
False
Is 18 a factor of 451856?
False
Does 80 divide 18956400?
True
Is 5 a factor of 10249729?
False
Is 5789 a factor of 419505674?
True
Is 375041312 a multiple of 368?
True
Does 1557 divide 52035799?
False
Is 3888938 a multiple of 13?
False
Does 100 divide 1013128283?
False
Does 17 divide 477095?
False
Does 11 divide 886512130?
False
Is 94696921 a multiple of 41?
True
Is 157069530 a multiple of 115?
True
Is 7 a factor of 259838888?
False
Does 543 divide 624603?
False
Does 201 divide 97708512?
True
Does 27 divide 23031160?
False
Does 95 divide 168023270?
True
Is 69774012 a multiple of 4?
True
Does 15 divide 179239?
False
Is 107430812 even?
True
Is 78259608 a multiple of 1944?
True
Does 186 divide 1005255600?
True
Is 16 a factor of 136690022?
False
Is 121649297 a multiple of 467?
True
Does 1742 divide 325898415?
False
Does 498 divide 1032756508?
False
Is 27891637 a multiple of 16?
False
Is 595485300 a multiple of 1884?
True
Is 23 a factor of 11343722?
False
Is 529 a factor of 2828563?
True
Is 541 a factor of 53368568?
True
Is 516841156 a multiple of 19?
False
Is 241 a factor of 7904279?
False
Is 409 a factor of 65054853?
False
Is 117642830 a multiple of 310?
True
Does 1277 divide 75159284?
False
Is 887 a factor of 1004618391?
False
Does 200 divide 9902800?
True
Does 4 divide 65662524?
True
Is 16 a factor of 649226782?
False
Is 12 a factor of 3393072?
True
Is 32 a factor of 4838546240?
True
Is 670 a factor of 16486434?
False
Is 41 a factor of 387656353?
True
Is 340 a factor of 42827048?
False
Is 51088446 a multiple of 794?
False
Is 262 a factor of 108914448?
True
Is 73891381 a multiple of 53?
True
Does 15 divide 2878485?
True
Is 713848153 a multiple of 3897?
False
Is 2449301 a multiple of 77?
False
Is 565667520 a multiple of 368?
True
Does 2832 divide 55898016?
True
Is 60 a factor of 3058781?
False
Is 730203312 a multiple of 5388?
True
Does 382 divide 107065921?
False
Is 14 a factor of 46255297?
False
Is 2096 a factor of 279206064?
True
Is 38 a factor of 411335?
False
Is 141 a factor of 139662192?
True
Is 170 a factor of 3342030?
True
Is 4116 a factor of 695303532?
True
Is 2262 a factor of 2972406216?
False
Is 505 a factor of 178089476?
False
Does 214 divide 883545957?
False
Is 5 a factor of 8770781?
False
Is